 3*a - 4*a + 4 = 2*j, 0 = -3*j - 2*a + 6. Calculate the remainder when (j*(2 + -1))/((-5)/(-365)) is divided by 37.
35
Let k = 62 + -29. Suppose -i = -4*i - 45. What is the remainder when k is divided by (-164)/(-10) - 9/i?
16
Suppose i = -4*g + 59, 12811 = i - g + 12777. Suppose -2*w + w + z + 80 = 0, -5*z = -2*w + 145. What is the remainder when w is divided by i?
7
Let b(j) = -j**3 + 12*j**2 - 8*j - 27. Let n be ((-48)/(-18))/(3/9). What is the remainder when b(n) is divided by 45?
30
Suppose 2*o + 24 = 12. Let c(n) = -11*n - 38. What is the remainder when ((-321)/6 - 1)*-2 is divided by c(o)?
25
Suppose -134*g = 64*g + 43*g - 439102. Calculate the remainder when g is divided by 25.
22
What is the remainder when (0 - -1)*(20/(-10) - -3) + 2365 is divided by 784?
14
Let d = -5 + 17. Let v = -47 + 44. Calculate the remainder when (-11)/((-11)/42) - v is divided by d.
9
Calculate the remainder when 1825 is divided by 2496/468 + (-10)/3.
1
Let u(v) = 4*v + 43. Let p be u(9). Let s = 110 - p. What is the remainder when s is divided by 14?
3
Let l = -203 + -1. Let w = -190 - l. What is the remainder when 42 is divided by w?
0
Let k be (-1088)/(-14) - 22/(-77). Suppose 0 = -3*b - 3, -8*b + 5*b + 276 = 3*d. Let a = d - k. What is the remainder when a is divided by 8?
7
Let u(t) = 155*t - 3656. Calculate the remainder when 197 is divided by u(24).
5
Let l = 14775 - 14653. Calculate the remainder when 23787 is divided by l.
119
Let q = -574 + 690. Suppose -k - q = -3*z + 30, k - 246 = -5*z. What is the remainder when z is divided by 3?
1
Let p be ((-27)/6 - 0)*-2. Suppose p*o = -a + 4*o - 172, 0 = -5*a - 3*o - 750. Let m = a - -208. Calculate the remainder when m is divided by 16.
13
Suppose -2*u - 2*u + 72 = 0. Suppose 0 = -5*q + 2*w - 133 + 1265, 0 = -5*q + 3*w + 1123. Calculate the remainder when q is divided by u.
14
Let v be (-2 + -7)/((-1)/9). Suppose -5*r - 3*s + 321 = 0, -5*s = -4*r + 3*r + v. Calculate the remainder when 659 is divided by r.
65
Let s = 96 + -92. Suppose t = -s*b + 352, -t = 5*b - 6*t - 465. Calculate the remainder when b is divided by 33.
23
Let k = -384 - -488. Suppose 0 = 16*w - k - 8. Calculate the remainder when 18 is divided by w.
4
Suppose -2*s = -4*s + 10. Suppose -9*r + 115 = -80 + 42. What is the remainder when r is divided by s?
2
Suppose 0 = -p - 5*x - 2, 5*p - 3*x - 35 = 3*p. Calculate the remainder when 3*(p - -2)*(-8)/(-36) is divided by 7.
3
Suppose -12*a + 9*a + 2*t = -36789, -3*t = 18. What is the remainder when a is divided by 183?
181
Let i(h) = -h**2 - 8*h + 18. Let t be 5/(15/(-12)) - 1. What is the remainder when i(t) is divided by 16?
1
Suppose -219*x = -222*x - v + 508, 4 = v. What is the remainder when x is divided by 3/(-12) + 137/4?
32
Calculate the remainder when 3684/6 + -6 + 3 is divided by 123.
119
Let l = 497 + -297. Suppose l = 14*k - 136. Calculate the remainder when 63 is divided by k.
15
Let u = -144 - -250. Let b = -3214 + 3242. Calculate the remainder when u is divided by b.
22
Let p be (-1)/(-3) - (9 - 507/(-9)). Suppose 2*r = -r - 309. Let f = p - r. Calculate the remainder when f is divided by 13.
12
Calculate the remainder when 1112 is divided by 224/(-84)*957/(-44).
10
Let l(x) = -5*x**2 + 206*x - 14. What is the remainder when l(35) is divided by 25?
21
Let q(r) = 43*r - 14. Suppose 6*a = -4*b + 9*a + 17, -5*b - 3*a + 28 = 0. Suppose -d = b - 25. What is the remainder when q(4) is divided by d?
18
Suppose 35*m = 75*m - 3003 + 1083. What is the remainder when 572 is divided by m?
44
Suppose 2*k - x - 110 = 0, -4*k + 285 = x + 71. Let u = k - 52. Suppose u*v + 5*v - 147 = 0. Calculate the remainder when v is divided by 12.
9
Suppose -3*b + 24 = -30. Let j(u) = 2*u**2 - 26*u - 18. Calculate the remainder when j(b) is divided by 56.
50
Calculate the remainder when ((-330)/110)/(6/(-10844)) is divided by 6.
4
Suppose -w = 3 - 0. What is the remainder when (-1 + 16/(-3))*w is divided by (-18502)/(-4205) - (4 - (-54)/(-15))?
3
Let h = 9498 - 9468. Calculate the remainder when 607 is divided by h.
7
Let m(x) = -3*x**3 + x**2 - x + 27. Let d be m(-3). Suppose -k + d = o, -4*k + 2*o = -3*k - 126. Calculate the remainder when k is divided by 47.
28
Let i = 808 - 559. Let o = 111 + -97. What is the remainder when i is divided by o?
11
Let q(d) = -72*d**3 - 7*d**2 - 23*d - 27. What is the remainder when q(-2) is divided by 73?
56
Let w(v) be the second derivative of v**4/12 - 13*v**3/6 + 17*v**2/2 + v + 15. What is the remainder when 6*-3*(-7)/2 is divided by w(13)?
12
Let u(x) = -x - 1. Let m be u(-3). Let d(t) = 6*t**2 + m - 34*t - t**3 + 89*t - 26*t - 34*t. What is the remainder when 90 is divided by d(4)?
6
Let h(r) = r**3 + 30*r**2 - 67*r + 34. Let t = 332 - 364. Calculate the remainder when h(t) is divided by 33.
31
Let h = -163 + 160. What is the remainder when h/(6786/(-1128) - -6) is divided by 10?
8
Suppose 11*q - 1201 - 3386 = 0. What is the remainder when q is divided by 53?
46
Suppose -4*a - 368 = -4*x, -4*x + 2*a - 51 = -425. Let k be 3/(-4)*(-128)/(-144)*-6. What is the remainder when x is divided by -20*(((-64)/(-10) - k) + -4)?
31
Let r = 98 + -44. Suppose 2*u = 5*y - 0*u - r, 3*y - 28 = -u. Let m = y - -7. What is the remainder when m is divided by 6?
5
Let q(t) = -103*t + 48. Let n(b) = b**3 - 12*b**2 + 11*b + 6. Let l be n(11). What is the remainder when q(0) is divided by l/10 - (-416)/65?
6
Let h(u) = -4*u + 96. Let a be h(21). Suppose -4*n + a*g + 26 = 14*g, -2*n - 5*g - 7 = 0. Let d(j) = 11*j + 5. What is the remainder when d(5) is divided by n?
6
Let u(f) = 2*f**2 + 14*f - 318. Let b(x) = 4 - 8*x + x - 8*x. What is the remainder when b(-7) is divided by u(-17)?
21
Let f = -491 + 517. Calculate the remainder when 148 is divided by f.
18
Let i(a) = a**3 + 8*a**2 - a - 5. Let v be i(-8). Suppose -v*f - 92 = -4*f. Let m = -5361 + 5380. What is the remainder when f is divided by m?
16
Let b = 13185 + -12599. Calculate the remainder when b is divided by 287.
12
Calculate the remainder when (-16 - -40) + (1 - -5) is divided by 2.
0
Let y(r) = 2*r**2 + 5*r - 158. Calculate the remainder when 1235 is divided by y(8).
5
Suppose 4252*b - 4257*b = -1160. What is the remainder when b is divided by 13?
11
Suppose 3*w - w + 4*b = 470, -5*w + 1175 = 5*b. Let q = w - 198. Suppose 6*z - 3*z + u - 27 = 0, u = -3. Calculate the remainder when q is divided by z.
7
Suppose -141 + 337 = 28*v. What is the remainder when 2323 is divided by v?
6
Let f = -20 - 21. Let s = f - -48. Let a = s - -7. Calculate the remainder when 52 is divided by a.
10
Let p(v) = 2*v**3 - 30*v**2 + 14*v - 129. Calculate the remainder when 2105 is divided by p(15).
80
Let r be ((-124)/(-3))/(((-22)/3)/(-11)). Let l = 68 - r. What is the remainder when (l/(-21) - (-428)/28) + 0 is divided by 6?
3
Let a be -9 + 1/(3 - 4). Suppose 4*c = c + 12. What is the remainder when ((-272)/10)/(c/a) is divided by 23?
22
Suppose -2*a - 34170 = -3*d, 0 = -5*d - 42*a + 46*a + 56946. Calculate the remainder when d is divided by 87.
84
Let w = -10 - 4. Let j(u) = -u + 3. Suppose 3*q - 2*q - 44 = 3*c, 3*c + 138 = 3*q. Calculate the remainder when q is divided by j(w).
13
Let v = -193898 - -193950. Let d = 106 - 76. What is the remainder when v is divided by d?
22
Suppose -4*p - 7 + 23 = 0. Suppose -p*m + 118 = 3*i - 3*m, m = i - 46. Let h = -11 - -22. What is the remainder when i is divided by h?
8
Let d(w) = 16*w - 12 - 21*w**2 - w**3 + 27*w**2 - 3. Calculate the remainder when d(7) is divided by 2/(-3) + 693/27.
23
Let k(p) = -p**3 - 17*p**2 + 68*p + 875. Calculate the remainder when k(-19) is divided by 64.
49
Suppose -4*c = -0*h - 2*h - 126, -h + 36 = c. Calculate the remainder when 1050/c + (-2)/(-11) is divided by 11.
10
Suppose -4*f + 6*f + 64*f = 288552. Calculate the remainder when f is divided by 6.
4
Suppose 3*b + 3*z = 96, -75*z = 5*b - 73*z - 151. What is the remainder when 6871 is divided by b?
27
What is the remainder when 59/(-354) + 4184/24*2/4 is divided by 37?
13
Suppose -7*q - 2*g = -5*q - 2512, 4*q = 5*g + 4988. Calculate the remainder when q is divided by 19.
17
Let o(x) = -815*x - 2342. What is the remainder when 6178 is divided by o(-3)?
101
Suppose -5*v - 61 = 3*u, 9*v - 13*v = -2*u + 40. What is the remainde